91. What is the remainder when 315 is divided by w?
6
Suppose 29*a = 10*a - 38. What is the remainder when 146 is divided by a*37/8*-4?
35
Suppose -5*x + 2601 = 3*w - 7132, -3*x - 4*w + 5820 = 0. What is the remainder when x is divided by 326?
322
Let f(j) = j**2 + 12*j - 53. Let s be f(10). Suppose y = -4*d + s, 2*d - y - 76 = y. Calculate the remainder when 158 is divided by d.
35
Suppose -5*x + 1236 = r, -7*r - 4*x = -2*r - 6075. What is the remainder when r is divided by 42?
35
Suppose -281*m + 34*m = -21242. What is the remainder when 862 is divided by m?
2
Suppose 0 = -4*u + 8, -120*m + 115*m + 74 = -3*u. Let s = 6 - 4. Suppose s*p - 90 - 32 = 0. What is the remainder when p is divided by m?
13
Suppose 36 = 4*x + 2*t, 0*x - 5*t - 30 = -5*x. Let f be (32/(-6))/((x/(-6))/2). Suppose f*h = -0*h + 80. Calculate the remainder when 29 is divided by h.
9
Suppose 0 = 2149*q - 2142*q - 4165. Suppose -15*d - 20*d + q = 0. What is the remainder when 112 is divided by d?
10
Let j be (193/(-2))/((-22)/(-44)). Let q = -134 - j. Suppose 0 = -2*p - 2*k + 34, -3*k = k + 20. What is the remainder when q is divided by p?
15
Suppose -r + 5*u + 41 = 0, -5*r + 3*r + 3*u + 110 = 0. Let g = -48 + r. What is the remainder when 76 is divided by g?
11
Calculate the remainder when 782 is divided by (17 + 370/30)*6.
78
Suppose -5*w - 5 = 10. Let a = -89 + 128. What is the remainder when a is divided by (5 - 3) + w - -21?
19
Let j be -3 + (-552)/(-9) - (-4)/6. Suppose -14*r + 16*r - 5*z - 52 = 0, -3*r - 2*z + j = 0. Calculate the remainder when r is divided by 8.
5
Let g = -28 + 50. Suppose 0 = -g*i + 18 + 268. Calculate the remainder when 22 is divided by i.
9
Suppose -272 + 11 = 9*o. Let j = 34 + o. Suppose -u = -3*b - 148, u - j*b = -0*u + 138. Calculate the remainder when u is divided by 41.
40
Let v be (28/35)/((-2)/(-45)). Let s(k) = -k**2 + 17*k + 23. What is the remainder when s(v) is divided by 2?
1
Suppose -8*x = -5*x - 276. Calculate the remainder when x is divided by 110/3*((-1104)/(-120) + -8).
4
What is the remainder when (-65 - -57) + (907 - 3) is divided by 15?
11
Let a(v) = v**2 - 7*v + 4. Let r = 384 + -349. What is the remainder when r is divided by a(7)?
3
Let c be (-11)/((-275)/10) + 1586/10. Let z = c + -41. What is the remainder when z is divided by 8?
6
Suppose -25*n + 2109 = 12*n. Calculate the remainder when n is divided by 29.
28
What is the remainder when 1947 is divided by -20*(-12)/600 - (-1943)/5?
2
Suppose 0 = -3*u + v + 918, -1988 + 458 = -5*u - 2*v. Calculate the remainder when u is divided by 31.
27
Let a(i) = -7*i**2 - 4*i - 48. Let r(k) = 11*k**2 + 5*k + 73. Let p(f) = -8*a(f) - 5*r(f). Calculate the remainder when p(-10) is divided by 37.
12
Let s = -69 + 218. Suppose 8*m - 4*m - s = -3*p, -p - 2*m = -49. What is the remainder when p is divided by 21?
9
Let a(m) = 3*m**2 + 28*m - 19. Let h be a(-10). Suppose h - 218 = -7*b. Calculate the remainder when b is divided by 18.
13
Suppose o = -4*u - 8, 4*o + 8 = -u - 9. Let j = u + 1. Suppose -5*i + 5*d + 30 = 0, j = 3*i + 3*d - 4 - 8. Calculate the remainder when 24 is divided by i.
4
Let i(o) = 2*o**3 - 24*o**2 - 25*o - 14. Let t be i(13). What is the remainder when 57 is divided by t/(-4)*41 + (-97)/388?
7
Let i(u) = -11*u**3 - 27*u**2 + 10*u + 17. Calculate the remainder when 4221 is divided by i(-3).
39
Let s = -25 + 27. Suppose -5*v + 6*v = s. What is the remainder when 33/24*-2*-22*v is divided by 31?
28
Suppose -3*f + 46 = -17*s + 18*s, 0 = -2*f + 8*s + 48. Calculate the remainder when 6383 is divided by f.
15
Suppose 3*n = -i + 30, 4*n + 1 = 3*n - 4*i. What is the remainder when ((-930)/(-18))/((-115)/(-69)) is divided by n?
9
Suppose -1 = u - p - 2, 2*p = 5*u - 8. Suppose -x - u*l = -26, -2*x - 3*l + 52 = -0*l. Calculate the remainder when 50 is divided by x.
24
Let m(y) = 6*y**3 - 21. Let b be m(3). Let j = b - 74. What is the remainder when 334 is divided by j?
66
Let o(n) = -2*n - 5. Let f be o(-3). Let v be -2 - (-8 + 6)*f*4. Suppose 0 = -5*m + 91 - v. Calculate the remainder when 114 is divided by m.
12
Let y = -3152 - -3162. What is the remainder when 538 is divided by y?
8
Suppose -10*r = -13*r. Suppose -5*s + r*s - 3*m - 115 = 0, s = -m - 25. Let b = s - -79. What is the remainder when b is divided by 31?
28
Let s = -2558 - -5435. What is the remainder when s is divided by 15?
12
Calculate the remainder when (-1 - -211)*175/(-70)*(-4)/5 is divided by 113.
81
Suppose -2*l - 4*u = -76, -3*l + 79 = -2*u - 19. Let z(a) = 268*a**3 + a**2 + a - 1. What is the remainder when z(1) is divided by l?
31
Suppose 0 = 3*q - 13*q - 15350. Let o = -866 - q. Calculate the remainder when o is divided by 56.
53
Suppose -216*c - 3*h + 29200 = -211*c, -c + 5*h = -5812. Calculate the remainder when c is divided by 40.
37
Let q be ((-6)/12)/(1/(-10)) - -1422. Suppose -50*b + 4877 = q. Calculate the remainder when b is divided by 17.
1
Suppose 1591 = 5*l - b - 8537, b + 8101 = 4*l. Calculate the remainder when l is divided by 39.
38
Let g be -1 - -90 - 0/2. Suppose 11*k - 755 = -5*q + 8*k + 4*k, -5*k = 0. Suppose 2*u + g = q. What is the remainder when 86 is divided by u?
24
Let m be (-1)/((-14)/(-4) - 4). Let d(z) = 3*z + 3. Let v(g) = -g**2 - 5*g + 22. What is the remainder when v(0) is divided by d(m)?
4
Let r be ((-6)/4)/(2 - (-125)/(-62)). Suppose 3*w - 6*w + r = -3*a, -a = -3*w + 97. What is the remainder when 130 is divided by w?
31
Let d = -1612 + 3454. What is the remainder when 6/33 - d/(-33) is divided by 19?
18
Suppose i - 112 = -28. Calculate the remainder when 121/(-3 + 133/38) is divided by i.
74
Let k(p) = -537*p + 2229. What is the remainder when 997 is divided by k(4)?
25
What is the remainder when (-314 - 31)*(4 + -6) is divided by 55?
30
Suppose -47360 = -301*s - 19*s. Calculate the remainder when s is divided by 2.
0
Let c be 77 - (48/(-15))/8*10. Let k = 51 + c. What is the remainder when k is divided by 27?
24
Let g = 53 + -87. Let l = -30 - g. Suppose 2*h - t + 77 = l*h, 0 = h + 3*t - 36. What is the remainder when 193 is divided by h?
37
Let p(v) = -v**3 + 9*v**2 - 6*v + 7. Suppose 58 = -11825*m + 11827*m - 2*o, 0 = -2*m + 4*o + 70. What is the remainder when p(7) is divided by m?
17
Suppose -5*j + 427 = 12*t - 15*t, -j + 75 = 2*t. What is the remainder when j is divided by 36?
11
Let d(s) = 5*s**3 - 4*s**2 - 5*s + 4. Let g be d(-6). Calculate the remainder when 51 is divided by (-2)/(-4 - g/301).
8
Let r = 112 + -22. Suppose -27 = -91*g + r*g. What is the remainder when 79 is divided by g?
25
Let g(r) = 4*r**2 - 5*r - 21. Let n be (-5 + 6)*((-3)/1 + -2). What is the remainder when g(n) is divided by 22?
16
Let r = -3177 - -3211. Calculate the remainder when 493 is divided by r.
17
Suppose -4*l - 2*v + 586 + 178 = 0, 4*v + 942 = 5*l. Calculate the remainder when 551 is divided by l.
171
Suppose -5*g - 1 + 41 = 0. Suppose -1 = r - g. What is the remainder when (207/92)/((-3)/(-32)) is divided by r?
3
Suppose -3*g + 52 = 1. Suppose -g = 2*z + 21. Let p = z - -24. Calculate the remainder when 12 is divided by p.
2
Suppose -14*i = 5*m - 11*i - 3942, -3*i - 1602 = -2*m. What is the remainder when m is divided by 196?
8
What is the remainder when 2517 is divided by 70/105 - 1432/(-12)?
117
Let y(j) = j**2 - 26*j + 81. What is the remainder when 119 is divided by y(24)?
20
Let b = 311 + -161. Let l = -128 + b. Calculate the remainder when 26 is divided by l.
4
What is the remainder when (-22)/((-264)/14220) + -13 is divided by 14?
10
Suppose -6*x + x + 245 = 0. Suppose 0*d - 4*a - x = d, -45 = d + 3*a. Let z = -30 - d. What is the remainder when z is divided by 3?
0
Suppose -45*l + 107*l = 1054. Calculate the remainder when 229 is divided by l.
8
Let l = -152 + 145. Calculate the remainder when 2/4*(4354/l)/(-1) is divided by 79.
74
Suppose -4*k = 3*u - 4694, -u - 4*k + 886 = -692. What is the remainder when u is divided by 10?
8
Let q(j) = -6*j + 18. Let t = -1340 + 1364. What is the remainder when q(-6) is divided by t?
6
Suppose o - 4*m - 176 = -9*m, 2*m - 502 = -3*o. What is the remainder when 335 is divided by o?
3
Let b(u) be the first derivative of u**3/3 - u**2 - 71. Calculate the remainder when 142 is divided by b(-4).
22
Suppose 4*i = -3*i + 77. Suppose -2*x 